[INFO] cloning repository https://github.com/maroider/asbestos
[INFO] running `Command { std: "git" "-c" "credential.helper=" "-c" "credential.helper=/workspace/cargo-home/bin/git-credential-null" "clone" "--bare" "https://github.com/maroider/asbestos" "/workspace/cache/git-repos/https%3A%2F%2Fgithub.com%2Fmaroider%2Fasbestos", kill_on_drop: false }`
[INFO] [stderr] Cloning into bare repository '/workspace/cache/git-repos/https%3A%2F%2Fgithub.com%2Fmaroider%2Fasbestos'...
[INFO] running `Command { std: "git" "rev-parse" "HEAD", kill_on_drop: false }`
[INFO] [stdout] b3ab9375b819657be6f1b7836e4cf77e9533f728
[INFO] building maroider/asbestos against master#ff34b919075f35a1787659e9c448a34b06bab8de for issue-85264
[INFO] running `Command { std: "git" "clone" "/workspace/cache/git-repos/https%3A%2F%2Fgithub.com%2Fmaroider%2Fasbestos" "/workspace/builds/worker-6/source", kill_on_drop: false }`
[INFO] [stderr] Cloning into '/workspace/builds/worker-6/source'...
[INFO] [stderr] done.
[INFO] validating manifest of git repo https://github.com/maroider/asbestos on toolchain ff34b919075f35a1787659e9c448a34b06bab8de
[INFO] running `Command { std: "/workspace/cargo-home/bin/cargo" "+ff34b919075f35a1787659e9c448a34b06bab8de" "metadata" "--manifest-path" "Cargo.toml" "--no-deps", kill_on_drop: false }`
[INFO] removed /workspace/builds/worker-6/source/rust-toolchain
[INFO] started tweaking git repo https://github.com/maroider/asbestos
[INFO] finished tweaking git repo https://github.com/maroider/asbestos
[INFO] tweaked toml for git repo https://github.com/maroider/asbestos written to /workspace/builds/worker-6/source/Cargo.toml
[INFO] crate git repo https://github.com/maroider/asbestos already has a lockfile, it will not be regenerated
[INFO] running `Command { std: "/workspace/cargo-home/bin/cargo" "+ff34b919075f35a1787659e9c448a34b06bab8de" "fetch" "--manifest-path" "Cargo.toml", kill_on_drop: false }`
[INFO] running `Command { std: "docker" "create" "-v" "/var/lib/crater-agent-workspace/builds/worker-6/target:/opt/rustwide/target:rw,Z" "-v" "/var/lib/crater-agent-workspace/builds/worker-6/source:/opt/rustwide/workdir:ro,Z" "-v" "/var/lib/crater-agent-workspace/cargo-home:/opt/rustwide/cargo-home:ro,Z" "-v" "/var/lib/crater-agent-workspace/rustup-home:/opt/rustwide/rustup-home:ro,Z" "-e" "SOURCE_DIR=/opt/rustwide/workdir" "-e" "CARGO_TARGET_DIR=/opt/rustwide/target" "-e" "CARGO_HOME=/opt/rustwide/cargo-home" "-e" "RUSTUP_HOME=/opt/rustwide/rustup-home" "-w" "/opt/rustwide/workdir" "-m" "1610612736" "--user" "0:0" "--network" "none" "ghcr.io/rust-lang/crates-build-env/linux@sha256:20528e8c29e4536546f0102ce88568b16ea7538393a33fcca951030f7af10457" "/opt/rustwide/cargo-home/bin/cargo" "+ff34b919075f35a1787659e9c448a34b06bab8de" "metadata" "--no-deps" "--format-version=1", kill_on_drop: false }`
[INFO] [stdout] f24e11324fb57a2fd9a6aecee6503ba03633ef9ae963426b6d510d3593af5a1b
[INFO] [stderr] WARNING: Your kernel does not support swap limit capabilities or the cgroup is not mounted. Memory limited without swap.
[INFO] running `Command { std: "docker" "start" "-a" "f24e11324fb57a2fd9a6aecee6503ba03633ef9ae963426b6d510d3593af5a1b", kill_on_drop: false }`
[INFO] running `Command { std: "docker" "inspect" "f24e11324fb57a2fd9a6aecee6503ba03633ef9ae963426b6d510d3593af5a1b", kill_on_drop: false }`
[INFO] running `Command { std: "docker" "rm" "-f" "f24e11324fb57a2fd9a6aecee6503ba03633ef9ae963426b6d510d3593af5a1b", kill_on_drop: false }`
[INFO] [stdout] f24e11324fb57a2fd9a6aecee6503ba03633ef9ae963426b6d510d3593af5a1b
[INFO] running `Command { std: "docker" "create" "-v" "/var/lib/crater-agent-workspace/builds/worker-6/target:/opt/rustwide/target:rw,Z" "-v" "/var/lib/crater-agent-workspace/builds/worker-6/source:/opt/rustwide/workdir:ro,Z" "-v" "/var/lib/crater-agent-workspace/cargo-home:/opt/rustwide/cargo-home:ro,Z" "-v" "/var/lib/crater-agent-workspace/rustup-home:/opt/rustwide/rustup-home:ro,Z" "-e" "SOURCE_DIR=/opt/rustwide/workdir" "-e" "CARGO_TARGET_DIR=/opt/rustwide/target" "-e" "CARGO_INCREMENTAL=0" "-e" "RUST_BACKTRACE=full" "-e" "RUSTFLAGS=--cap-lints=forbid" "-e" "CARGO_HOME=/opt/rustwide/cargo-home" "-e" "RUSTUP_HOME=/opt/rustwide/rustup-home" "-w" "/opt/rustwide/workdir" "-m" "1610612736" "--user" "0:0" "--network" "none" "ghcr.io/rust-lang/crates-build-env/linux@sha256:20528e8c29e4536546f0102ce88568b16ea7538393a33fcca951030f7af10457" "/opt/rustwide/cargo-home/bin/cargo" "+ff34b919075f35a1787659e9c448a34b06bab8de" "build" "--frozen" "--message-format=json", kill_on_drop: false }`
[INFO] [stdout] 3aa049b4be8acc5639c1f5a2417acbba48b85b5c4c8babd156b46f664daad0d5
[INFO] [stderr] WARNING: Your kernel does not support swap limit capabilities or the cgroup is not mounted. Memory limited without swap.
[INFO] running `Command { std: "docker" "start" "-a" "3aa049b4be8acc5639c1f5a2417acbba48b85b5c4c8babd156b46f664daad0d5", kill_on_drop: false }`
[INFO] [stderr]    Compiling proc-macro2 v1.0.10
[INFO] [stderr]    Compiling unicode-xid v0.2.0
[INFO] [stderr]    Compiling syn v1.0.17
[INFO] [stderr]    Compiling libc v0.2.69
[INFO] [stderr]    Compiling bitflags v1.2.1
[INFO] [stderr]    Compiling winapi v0.3.8
[INFO] [stderr]    Compiling version_check v0.9.1
[INFO] [stderr]    Compiling serde v1.0.106
[INFO] [stderr]    Compiling byteorder v1.3.4
[INFO] [stderr]    Compiling cc v1.0.50
[INFO] [stderr]    Compiling typenum v1.12.0
[INFO] [stderr]    Compiling cfg-if v0.1.10
[INFO] [stderr]    Compiling nix v0.17.0
[INFO] [stderr]    Compiling unicode-width v0.1.7
[INFO] [stderr]    Compiling unicode-segmentation v1.6.0
[INFO] [stderr]    Compiling lazy_static v1.4.0
[INFO] [stderr]    Compiling ryu v1.0.4
[INFO] [stderr]    Compiling void v1.0.2
[INFO] [stderr]    Compiling strsim v0.8.0
[INFO] [stderr]    Compiling ansi_term v0.11.0
[INFO] [stderr]    Compiling vec_map v0.8.1
[INFO] [stderr]    Compiling widestring v0.4.0
[INFO] [stderr]    Compiling slice-pool v0.4.1
[INFO] [stderr]    Compiling itoa v0.4.5
[INFO] [stderr]    Compiling dunce v1.0.0
[INFO] [stderr]    Compiling textwrap v0.11.0
[INFO] [stderr]    Compiling heck v0.3.1
[INFO] [stderr]    Compiling proc-macro-error-attr v1.0.2
[INFO] [stderr]    Compiling proc-macro-error v1.0.2
[INFO] [stderr]    Compiling named_pipe v0.4.1
[INFO] [stderr]    Compiling tlhelp32 v1.0.3
[INFO] [stderr]    Compiling syringe v0.1.0 (https://github.com/maroider/syringe?rev=ef94577#ef94577a)
[INFO] [stdout] error[E0433]: failed to resolve: could not find `windows` in `os`
[INFO] [stdout]  --> /opt/rustwide/cargo-home/git/checkouts/syringe-d403b12a0eabba76/ef94577/src/lib.rs:5:9
[INFO] [stdout]   |
[INFO] [stdout] 5 |     os::windows::ffi::{OsStrExt, OsStringExt},
[INFO] [stdout]   |         ^^^^^^^ could not find `windows` in `os`
[INFO] [stdout] 
[INFO] [stdout] 
[INFO] [stdout] error[E0433]: failed to resolve: could not find `shared` in `winapi`
[INFO] [stdout]   --> /opt/rustwide/cargo-home/git/checkouts/syringe-d403b12a0eabba76/ef94577/src/lib.rs:12:5
[INFO] [stdout]    |
[INFO] [stdout] 12 |     shared::minwindef::FALSE,
[INFO] [stdout]    |     ^^^^^^ could not find `shared` in `winapi`
[INFO] [stdout] 
[INFO] [stdout] 
[INFO] [stdout] error[E0433]: failed to resolve: could not find `um` in `winapi`
[INFO] [stdout]   --> /opt/rustwide/cargo-home/git/checkouts/syringe-d403b12a0eabba76/ef94577/src/lib.rs:13:5
[INFO] [stdout]    |
[INFO] [stdout] 13 |     um::{
[INFO] [stdout]    |     ^^ could not find `um` in `winapi`
[INFO] [stdout] 
[INFO] [stdout] 
[INFO] [stdout] error[E0432]: unresolved import `winapi::ctypes`
[INFO] [stdout]   --> /opt/rustwide/cargo-home/git/checkouts/syringe-d403b12a0eabba76/ef94577/src/lib.rs:11:5
[INFO] [stdout]    |
[INFO] [stdout] 11 |     ctypes::{c_char, c_void},
[INFO] [stdout]    |     ^^^^^^ could not find `ctypes` in `winapi`
[INFO] [stdout] 
[INFO] [stdout] 
[INFO] [stderr]    Compiling quote v1.0.3
[INFO] [stdout] error[E0425]: cannot find function, tuple struct or tuple variant `OpenProcess` in this scope
[INFO] [stdout]   --> /opt/rustwide/cargo-home/git/checkouts/syringe-d403b12a0eabba76/ef94577/src/lib.rs:38:22
[INFO] [stdout]    |
[INFO] [stdout] 38 |         let handle = OpenProcess(
[INFO] [stdout]    |                      ^^^^^^^^^^^ not found in this scope
[INFO] [stdout] 
[INFO] [stdout] 
[INFO] [stdout] error[E0425]: cannot find value `PROCESS_CREATE_THREAD` in this scope
[INFO] [stdout]   --> /opt/rustwide/cargo-home/git/checkouts/syringe-d403b12a0eabba76/ef94577/src/lib.rs:39:13
[INFO] [stdout]    |
[INFO] [stdout] 39 |             PROCESS_CREATE_THREAD
[INFO] [stdout]    |             ^^^^^^^^^^^^^^^^^^^^^ not found in this scope
[INFO] [stdout] 
[INFO] [stdout] 
[INFO] [stdout] error[E0425]: cannot find value `PROCESS_QUERY_INFORMATION` in this scope
[INFO] [stdout]   --> /opt/rustwide/cargo-home/git/checkouts/syringe-d403b12a0eabba76/ef94577/src/lib.rs:40:19
[INFO] [stdout]    |
[INFO] [stdout] 40 |                 | PROCESS_QUERY_INFORMATION
[INFO] [stdout]    |                   ^^^^^^^^^^^^^^^^^^^^^^^^^ not found in this scope
[INFO] [stdout] 
[INFO] [stdout] 
[INFO] [stdout] error[E0425]: cannot find value `PROCESS_VM_OPERATION` in this scope
[INFO] [stdout]   --> /opt/rustwide/cargo-home/git/checkouts/syringe-d403b12a0eabba76/ef94577/src/lib.rs:41:19
[INFO] [stdout]    |
[INFO] [stdout] 41 |                 | PROCESS_VM_OPERATION
[INFO] [stdout]    |                   ^^^^^^^^^^^^^^^^^^^^ not found in this scope
[INFO] [stdout] 
[INFO] [stdout] 
[INFO] [stdout] error[E0425]: cannot find value `PROCESS_VM_WRITE` in this scope
[INFO] [stdout]   --> /opt/rustwide/cargo-home/git/checkouts/syringe-d403b12a0eabba76/ef94577/src/lib.rs:42:19
[INFO] [stdout]    |
[INFO] [stdout] 42 |                 | PROCESS_VM_WRITE
[INFO] [stdout]    |                   ^^^^^^^^^^^^^^^^ not found in this scope
[INFO] [stdout] 
[INFO] [stdout] 
[INFO] [stdout] error[E0425]: cannot find value `PROCESS_VM_READ` in this scope
[INFO] [stdout]   --> /opt/rustwide/cargo-home/git/checkouts/syringe-d403b12a0eabba76/ef94577/src/lib.rs:43:19
[INFO] [stdout]    |
[INFO] [stdout] 43 |                 | PROCESS_VM_READ,
[INFO] [stdout]    |                   ^^^^^^^^^^^^^^^ not found in this scope
[INFO] [stdout] 
[INFO] [stdout] 
[INFO] [stdout] error[E0425]: cannot find value `FALSE` in this scope
[INFO] [stdout]   --> /opt/rustwide/cargo-home/git/checkouts/syringe-d403b12a0eabba76/ef94577/src/lib.rs:44:13
[INFO] [stdout]    |
[INFO] [stdout] 44 |             FALSE,
[INFO] [stdout]    |             ^^^^^ not found in this scope
[INFO] [stdout] 
[INFO] [stdout] 
[INFO] [stdout] error[E0425]: cannot find function, tuple struct or tuple variant `VirtualAllocEx` in this scope
[INFO] [stdout]   --> /opt/rustwide/cargo-home/git/checkouts/syringe-d403b12a0eabba76/ef94577/src/lib.rs:60:13
[INFO] [stdout]    |
[INFO] [stdout] 60 |             VirtualAllocEx(
[INFO] [stdout]    |             ^^^^^^^^^^^^^^ not found in this scope
[INFO] [stdout] 
[INFO] [stdout] 
[INFO] [stdout] error[E0425]: cannot find value `MEM_COMMIT` in this scope
[INFO] [stdout]   --> /opt/rustwide/cargo-home/git/checkouts/syringe-d403b12a0eabba76/ef94577/src/lib.rs:64:17
[INFO] [stdout]    |
[INFO] [stdout] 64 |                 MEM_COMMIT | MEM_RESERVE,
[INFO] [stdout]    |                 ^^^^^^^^^^ not found in this scope
[INFO] [stdout] 
[INFO] [stdout] 
[INFO] [stdout] error[E0425]: cannot find value `MEM_RESERVE` in this scope
[INFO] [stdout]   --> /opt/rustwide/cargo-home/git/checkouts/syringe-d403b12a0eabba76/ef94577/src/lib.rs:64:30
[INFO] [stdout]    |
[INFO] [stdout] 64 |                 MEM_COMMIT | MEM_RESERVE,
[INFO] [stdout]    |                              ^^^^^^^^^^^ not found in this scope
[INFO] [stdout] 
[INFO] [stdout] 
[INFO] [stdout] error[E0425]: cannot find value `PAGE_EXECUTE_READWRITE` in this scope
[INFO] [stdout]   --> /opt/rustwide/cargo-home/git/checkouts/syringe-d403b12a0eabba76/ef94577/src/lib.rs:65:17
[INFO] [stdout]    |
[INFO] [stdout] 65 |                 PAGE_EXECUTE_READWRITE,
[INFO] [stdout]    |                 ^^^^^^^^^^^^^^^^^^^^^^ not found in this scope
[INFO] [stdout] 
[INFO] [stdout] 
[INFO] [stdout] error[E0425]: cannot find function, tuple struct or tuple variant `WriteProcessMemory` in this scope
[INFO] [stdout]   --> /opt/rustwide/cargo-home/git/checkouts/syringe-d403b12a0eabba76/ef94577/src/lib.rs:77:9
[INFO] [stdout]    |
[INFO] [stdout] 77 |         WriteProcessMemory(
[INFO] [stdout]    |         ^^^^^^^^^^^^^^^^^^ not found in this scope
[INFO] [stdout] 
[INFO] [stdout] 
[INFO] [stdout] error[E0425]: cannot find function, tuple struct or tuple variant `GetProcAddress` in this scope
[INFO] [stdout]   --> /opt/rustwide/cargo-home/git/checkouts/syringe-d403b12a0eabba76/ef94577/src/lib.rs:94:13
[INFO] [stdout]    |
[INFO] [stdout] 94 |             GetProcAddress(
[INFO] [stdout]    |             ^^^^^^^^^^^^^^ not found in this scope
[INFO] [stdout] 
[INFO] [stdout] 
[INFO] [stdout] error[E0425]: cannot find function, tuple struct or tuple variant `GetModuleHandleA` in this scope
[INFO] [stdout]   --> /opt/rustwide/cargo-home/git/checkouts/syringe-d403b12a0eabba76/ef94577/src/lib.rs:95:17
[INFO] [stdout]    |
[INFO] [stdout] 95 |                 GetModuleHandleA("Kernel32\0".as_ptr() as *const c_char),
[INFO] [stdout]    |                 ^^^^^^^^^^^^^^^^ not found in this scope
[INFO] [stdout] 
[INFO] [stdout] 
[INFO] [stdout] error[E0425]: cannot find function, tuple struct or tuple variant `CreateRemoteThread` in this scope
[INFO] [stdout]    --> /opt/rustwide/cargo-home/git/checkouts/syringe-d403b12a0eabba76/ef94577/src/lib.rs:108:13
[INFO] [stdout]     |
[INFO] [stdout] 108 |             CreateRemoteThread(
[INFO] [stdout]     |             ^^^^^^^^^^^^^^^^^^ not found in this scope
[INFO] [stdout] 
[INFO] [stdout] 
[INFO] [stdout] error[E0412]: cannot find type `LPTHREAD_START_ROUTINE` in this scope
[INFO] [stdout]    --> /opt/rustwide/cargo-home/git/checkouts/syringe-d403b12a0eabba76/ef94577/src/lib.rs:112:37
[INFO] [stdout]     |
[INFO] [stdout] 36  | pub fn inject_dll(pid: u32, dll: &Path) -> WinapiResult<()> {
[INFO] [stdout]     |                  - help: you might be missing a type parameter: `<LPTHREAD_START_ROUTINE>`
[INFO] [stdout] ...
[INFO] [stdout] 112 |                 mem::transmute::<_, LPTHREAD_START_ROUTINE>(load_library_w_function_address),
[INFO] [stdout]     |                                     ^^^^^^^^^^^^^^^^^^^^^^ not found in this scope
[INFO] [stdout] 
[INFO] [stdout] 
[INFO] [stdout] error[E0425]: cannot find function, tuple struct or tuple variant `WaitForSingleObject` in this scope
[INFO] [stdout]    --> /opt/rustwide/cargo-home/git/checkouts/syringe-d403b12a0eabba76/ef94577/src/lib.rs:127:17
[INFO] [stdout]     |
[INFO] [stdout] 127 |     if unsafe { WaitForSingleObject(thread, INFINITE) } == WAIT_FAILED {
[INFO] [stdout]     |                 ^^^^^^^^^^^^^^^^^^^ not found in this scope
[INFO] [stdout] 
[INFO] [stdout] 
[INFO] [stdout] error[E0425]: cannot find value `INFINITE` in this scope
[INFO] [stdout]    --> /opt/rustwide/cargo-home/git/checkouts/syringe-d403b12a0eabba76/ef94577/src/lib.rs:127:45
[INFO] [stdout]     |
[INFO] [stdout] 127 |     if unsafe { WaitForSingleObject(thread, INFINITE) } == WAIT_FAILED {
[INFO] [stdout]     |                                             ^^^^^^^^ not found in this scope
[INFO] [stdout] 
[INFO] [stdout] 
[INFO] [stdout] error[E0425]: cannot find value `WAIT_FAILED` in this scope
[INFO] [stdout]    --> /opt/rustwide/cargo-home/git/checkouts/syringe-d403b12a0eabba76/ef94577/src/lib.rs:127:60
[INFO] [stdout]     |
[INFO] [stdout] 127 |     if unsafe { WaitForSingleObject(thread, INFINITE) } == WAIT_FAILED {
[INFO] [stdout]     |                                                            ^^^^^^^^^^^ not found in this scope
[INFO] [stdout] 
[INFO] [stdout] 
[INFO] [stdout] error[E0425]: cannot find function, tuple struct or tuple variant `VirtualFreeEx` in this scope
[INFO] [stdout]    --> /opt/rustwide/cargo-home/git/checkouts/syringe-d403b12a0eabba76/ef94577/src/lib.rs:136:9
[INFO] [stdout]     |
[INFO] [stdout] 136 |         VirtualFreeEx(
[INFO] [stdout]     |         ^^^^^^^^^^^^^ not found in this scope
[INFO] [stdout] 
[INFO] [stdout] 
[INFO] [stdout] error[E0425]: cannot find value `MEM_RELEASE` in this scope
[INFO] [stdout]    --> /opt/rustwide/cargo-home/git/checkouts/syringe-d403b12a0eabba76/ef94577/src/lib.rs:140:13
[INFO] [stdout]     |
[INFO] [stdout] 140 |             MEM_RELEASE,
[INFO] [stdout]     |             ^^^^^^^^^^^ not found in this scope
[INFO] [stdout] 
[INFO] [stdout] 
[INFO] [stdout] error[E0425]: cannot find function, tuple struct or tuple variant `CloseHandle` in this scope
[INFO] [stdout]    --> /opt/rustwide/cargo-home/git/checkouts/syringe-d403b12a0eabba76/ef94577/src/lib.rs:145:14
[INFO] [stdout]     |
[INFO] [stdout] 145 |     unsafe { CloseHandle(thread) };
[INFO] [stdout]     |              ^^^^^^^^^^^ not found in this scope
[INFO] [stdout] 
[INFO] [stdout] 
[INFO] [stdout] error[E0425]: cannot find function, tuple struct or tuple variant `CloseHandle` in this scope
[INFO] [stdout]    --> /opt/rustwide/cargo-home/git/checkouts/syringe-d403b12a0eabba76/ef94577/src/lib.rs:148:14
[INFO] [stdout]     |
[INFO] [stdout] 148 |     unsafe { CloseHandle(process_handle) };
[INFO] [stdout]     |              ^^^^^^^^^^^ not found in this scope
[INFO] [stdout] 
[INFO] [stdout] 
[INFO] [stdout] error[E0425]: cannot find function, tuple struct or tuple variant `GetLastError` in this scope
[INFO] [stdout]    --> /opt/rustwide/cargo-home/git/checkouts/syringe-d403b12a0eabba76/ef94577/src/lib.rs:163:29
[INFO] [stdout]     |
[INFO] [stdout] 163 |         let code = unsafe { GetLastError() };
[INFO] [stdout]     |                             ^^^^^^^^^^^^ not found in this scope
[INFO] [stdout] 
[INFO] [stdout] 
[INFO] [stdout] error[E0425]: cannot find function, tuple struct or tuple variant `FormatMessageW` in this scope
[INFO] [stdout]    --> /opt/rustwide/cargo-home/git/checkouts/syringe-d403b12a0eabba76/ef94577/src/lib.rs:174:13
[INFO] [stdout]     |
[INFO] [stdout] 174 |             FormatMessageW(
[INFO] [stdout]     |             ^^^^^^^^^^^^^^ not found in this scope
[INFO] [stdout] 
[INFO] [stdout] 
[INFO] [stdout] error[E0425]: cannot find value `FORMAT_MESSAGE_ALLOCATE_BUFFER` in this scope
[INFO] [stdout]    --> /opt/rustwide/cargo-home/git/checkouts/syringe-d403b12a0eabba76/ef94577/src/lib.rs:175:17
[INFO] [stdout]     |
[INFO] [stdout] 175 |                 FORMAT_MESSAGE_ALLOCATE_BUFFER
[INFO] [stdout]     |                 ^^^^^^^^^^^^^^^^^^^^^^^^^^^^^^ not found in this scope
[INFO] [stdout] 
[INFO] [stdout] 
[INFO] [stdout] error[E0425]: cannot find value `FORMAT_MESSAGE_FROM_SYSTEM` in this scope
[INFO] [stdout]    --> /opt/rustwide/cargo-home/git/checkouts/syringe-d403b12a0eabba76/ef94577/src/lib.rs:176:23
[INFO] [stdout]     |
[INFO] [stdout] 176 |                     | FORMAT_MESSAGE_FROM_SYSTEM
[INFO] [stdout]     |                       ^^^^^^^^^^^^^^^^^^^^^^^^^^ not found in this scope
[INFO] [stdout] 
[INFO] [stdout] 
[INFO] [stdout] error[E0425]: cannot find value `FORMAT_MESSAGE_IGNORE_INSERTS` in this scope
[INFO] [stdout]    --> /opt/rustwide/cargo-home/git/checkouts/syringe-d403b12a0eabba76/ef94577/src/lib.rs:177:23
[INFO] [stdout]     |
[INFO] [stdout] 177 |                     | FORMAT_MESSAGE_IGNORE_INSERTS,
[INFO] [stdout]     |                       ^^^^^^^^^^^^^^^^^^^^^^^^^^^^^ not found in this scope
[INFO] [stdout] 
[INFO] [stdout] 
[INFO] [stdout] error[E0425]: cannot find function, tuple struct or tuple variant `MAKELANGID` in this scope
[INFO] [stdout]    --> /opt/rustwide/cargo-home/git/checkouts/syringe-d403b12a0eabba76/ef94577/src/lib.rs:180:17
[INFO] [stdout]     |
[INFO] [stdout] 180 |                 MAKELANGID(LANG_NEUTRAL, SUBLANG_DEFAULT) as u32,
[INFO] [stdout]     |                 ^^^^^^^^^^ not found in this scope
[INFO] [stdout] 
[INFO] [stdout] 
[INFO] [stdout] error[E0425]: cannot find value `LANG_NEUTRAL` in this scope
[INFO] [stdout]    --> /opt/rustwide/cargo-home/git/checkouts/syringe-d403b12a0eabba76/ef94577/src/lib.rs:180:28
[INFO] [stdout]     |
[INFO] [stdout] 180 |                 MAKELANGID(LANG_NEUTRAL, SUBLANG_DEFAULT) as u32,
[INFO] [stdout]     |                            ^^^^^^^^^^^^ not found in this scope
[INFO] [stdout] 
[INFO] [stdout] 
[INFO] [stdout] error[E0425]: cannot find value `SUBLANG_DEFAULT` in this scope
[INFO] [stdout]    --> /opt/rustwide/cargo-home/git/checkouts/syringe-d403b12a0eabba76/ef94577/src/lib.rs:180:42
[INFO] [stdout]     |
[INFO] [stdout] 180 |                 MAKELANGID(LANG_NEUTRAL, SUBLANG_DEFAULT) as u32,
[INFO] [stdout]     |                                          ^^^^^^^^^^^^^^^ not found in this scope
[INFO] [stdout] 
[INFO] [stdout] 
[INFO] [stdout] error[E0433]: failed to resolve: could not find `shared` in `winapi`
[INFO] [stdout]   --> /opt/rustwide/cargo-home/registry/src/github.com-1ecc6299db9ec823/named_pipe-0.4.1/src/lib.rs:30:5
[INFO] [stdout]    |
[INFO] [stdout] 30 |     shared::{minwindef::*, ntdef::HANDLE, winerror::*},
[INFO] [stdout]    |     ^^^^^^ could not find `shared` in `winapi`
[INFO] [stdout] 
[INFO] [stdout] 
[INFO] [stdout] error[E0433]: failed to resolve: could not find `um` in `winapi`
[INFO] [stdout]   --> /opt/rustwide/cargo-home/registry/src/github.com-1ecc6299db9ec823/named_pipe-0.4.1/src/lib.rs:31:5
[INFO] [stdout]    |
[INFO] [stdout] 31 |     um::{
[INFO] [stdout]    |     ^^ could not find `um` in `winapi`
[INFO] [stdout] 
[INFO] [stdout] 
[INFO] [stdout] error[E0433]: failed to resolve: could not find `windows` in `os`
[INFO] [stdout]   --> /opt/rustwide/cargo-home/registry/src/github.com-1ecc6299db9ec823/named_pipe-0.4.1/src/lib.rs:42:14
[INFO] [stdout]    |
[INFO] [stdout] 42 | use std::os::windows::ffi::OsStrExt;
[INFO] [stdout]    |              ^^^^^^^ could not find `windows` in `os`
[INFO] [stdout] 
[INFO] [stdout] 
[INFO] [stdout] error[E0432]: unresolved import `winapi::ctypes`
[INFO] [stdout]   --> /opt/rustwide/cargo-home/registry/src/github.com-1ecc6299db9ec823/named_pipe-0.4.1/src/lib.rs:29:5
[INFO] [stdout]    |
[INFO] [stdout] 29 |     ctypes::*,
[INFO] [stdout]    |     ^^^^^^ could not find `ctypes` in `winapi`
[INFO] [stdout] 
[INFO] [stdout] 
[INFO] [stderr]    Compiling libudis86-sys v0.2.1
[INFO] [stdout] error[E0412]: cannot find type `HANDLE` in this scope
[INFO] [stdout]   --> /opt/rustwide/cargo-home/registry/src/github.com-1ecc6299db9ec823/named_pipe-0.4.1/src/lib.rs:49:12
[INFO] [stdout]    |
[INFO] [stdout] 49 |     value: HANDLE,
[INFO] [stdout]    |            ^^^^^^ not found in this scope
[INFO] [stdout] 
[INFO] [stdout] 
[INFO] [stdout] error[E0425]: cannot find function, tuple struct or tuple variant `CloseHandle` in this scope
[INFO] [stdout]   --> /opt/rustwide/cargo-home/registry/src/github.com-1ecc6299db9ec823/named_pipe-0.4.1/src/lib.rs:54:26
[INFO] [stdout]    |
[INFO] [stdout] 54 |         let _ = unsafe { CloseHandle(self.value) };
[INFO] [stdout]    |                          ^^^^^^^^^^^ not found in this scope
[INFO] [stdout] 
[INFO] [stdout] 
[INFO] [stdout] error[E0425]: cannot find function, tuple struct or tuple variant `CreateEventW` in this scope
[INFO] [stdout]   --> /opt/rustwide/cargo-home/registry/src/github.com-1ecc6299db9ec823/named_pipe-0.4.1/src/lib.rs:68:31
[INFO] [stdout]    |
[INFO] [stdout] 68 |         let handle = unsafe { CreateEventW(ptr::null_mut(), 1, 0, ptr::null()) };
[INFO] [stdout]    |                               ^^^^^^^^^^^^ not found in this scope
[INFO] [stdout] 
[INFO] [stdout] 
[INFO] [stdout] error[E0425]: cannot find function, tuple struct or tuple variant `ResetEvent` in this scope
[INFO] [stdout]   --> /opt/rustwide/cargo-home/registry/src/github.com-1ecc6299db9ec823/named_pipe-0.4.1/src/lib.rs:79:31
[INFO] [stdout]    |
[INFO] [stdout] 79 |         let result = unsafe { ResetEvent(self.handle.value) };
[INFO] [stdout]    |                               ^^^^^^^^^^ not found in this scope
[INFO] [stdout] 
[INFO] [stdout] 
[INFO] [stdout] error[E0425]: cannot find function, tuple struct or tuple variant `SetEvent` in this scope
[INFO] [stdout]   --> /opt/rustwide/cargo-home/registry/src/github.com-1ecc6299db9ec823/named_pipe-0.4.1/src/lib.rs:88:31
[INFO] [stdout]    |
[INFO] [stdout] 88 |         let result = unsafe { SetEvent(self.handle.value) };
[INFO] [stdout]    |                               ^^^^^^^^ not found in this scope
[INFO] [stdout] 
[INFO] [stdout] 
[INFO] [stdout] error[E0412]: cannot find type `OVERLAPPED` in this scope
[INFO] [stdout]   --> /opt/rustwide/cargo-home/registry/src/github.com-1ecc6299db9ec823/named_pipe-0.4.1/src/lib.rs:98:14
[INFO] [stdout]    |
[INFO] [stdout] 97 | struct Overlapped {
[INFO] [stdout]    |                  - help: you might be missing a type parameter: `<OVERLAPPED>`
[INFO] [stdout] 98 |     ovl: Box<OVERLAPPED>,
[INFO] [stdout]    |              ^^^^^^^^^^ not found in this scope
[INFO] [stdout] 
[INFO] [stdout] 
[INFO] [stdout] error[E0412]: cannot find type `OVERLAPPED` in this scope
[INFO] [stdout]    --> /opt/rustwide/cargo-home/registry/src/github.com-1ecc6299db9ec823/named_pipe-0.4.1/src/lib.rs:117:26
[INFO] [stdout]     |
[INFO] [stdout] 114 | impl Overlapped {
[INFO] [stdout]     |     - help: you might be missing a type parameter: `<OVERLAPPED>`
[INFO] [stdout] ...
[INFO] [stdout] 117 |         let mut ovl: Box<OVERLAPPED> = Box::new(unsafe { mem::zeroed() });
[INFO] [stdout]     |                          ^^^^^^^^^^ not found in this scope
[INFO] [stdout] 
[INFO] [stdout] 
[INFO] [stdout] error[E0412]: cannot find type `OVERLAPPED` in this scope
[INFO] [stdout]    --> /opt/rustwide/cargo-home/registry/src/github.com-1ecc6299db9ec823/named_pipe-0.4.1/src/lib.rs:132:35
[INFO] [stdout]     |
[INFO] [stdout] 132 |     fn get_mut(&mut self) -> &mut OVERLAPPED {
[INFO] [stdout]     |                                   ^^^^^^^^^^ not found in this scope
[INFO] [stdout] 
[INFO] [stdout] 
[INFO] [stdout] error[E0425]: cannot find value `PIPE_ACCESS_INBOUND` in this scope
[INFO] [stdout]    --> /opt/rustwide/cargo-home/registry/src/github.com-1ecc6299db9ec823/named_pipe-0.4.1/src/lib.rs:150:32
[INFO] [stdout]     |
[INFO] [stdout] 150 |             &OpenMode::Read => PIPE_ACCESS_INBOUND,
[INFO] [stdout]     |                                ^^^^^^^^^^^^^^^^^^^ not found in this scope
[INFO] [stdout] 
[INFO] [stdout] 
[INFO] [stdout] error[E0425]: cannot find value `PIPE_ACCESS_OUTBOUND` in this scope
[INFO] [stdout]    --> /opt/rustwide/cargo-home/registry/src/github.com-1ecc6299db9ec823/named_pipe-0.4.1/src/lib.rs:151:33
[INFO] [stdout]     |
[INFO] [stdout] 151 |             &OpenMode::Write => PIPE_ACCESS_OUTBOUND,
[INFO] [stdout]     |                                 ^^^^^^^^^^^^^^^^^^^^ not found in this scope
[INFO] [stdout] 
[INFO] [stdout] 
[INFO] [stdout] error[E0425]: cannot find value `PIPE_ACCESS_DUPLEX` in this scope
[INFO] [stdout]    --> /opt/rustwide/cargo-home/registry/src/github.com-1ecc6299db9ec823/named_pipe-0.4.1/src/lib.rs:152:34
[INFO] [stdout]     |
[INFO] [stdout] 152 |             &OpenMode::Duplex => PIPE_ACCESS_DUPLEX,
[INFO] [stdout]     |                                  ^^^^^^^^^^^^^^^^^^ not found in this scope
[INFO] [stdout] 
[INFO] [stdout] 
[INFO] [stdout] error[E0425]: cannot find function, tuple struct or tuple variant `CreateNamedPipeW` in this scope
[INFO] [stdout]    --> /opt/rustwide/cargo-home/registry/src/github.com-1ecc6299db9ec823/named_pipe-0.4.1/src/lib.rs:179:13
[INFO] [stdout]     |
[INFO] [stdout] 179 |             CreateNamedPipeW(
[INFO] [stdout]     |             ^^^^^^^^^^^^^^^^ not found in this scope
[INFO] [stdout] 
[INFO] [stdout] 
[INFO] [stdout] error[E0425]: cannot find value `FILE_FLAG_OVERLAPPED` in this scope
[INFO] [stdout]    --> /opt/rustwide/cargo-home/registry/src/github.com-1ecc6299db9ec823/named_pipe-0.4.1/src/lib.rs:182:23
[INFO] [stdout]     |
[INFO] [stdout] 182 |                     | FILE_FLAG_OVERLAPPED
[INFO] [stdout]     |                       ^^^^^^^^^^^^^^^^^^^^ not found in this scope
[INFO] [stdout] 
[INFO] [stdout] 
[INFO] [stdout] error[E0425]: cannot find value `FILE_FLAG_FIRST_PIPE_INSTANCE` in this scope
[INFO] [stdout]    --> /opt/rustwide/cargo-home/registry/src/github.com-1ecc6299db9ec823/named_pipe-0.4.1/src/lib.rs:184:25
[INFO] [stdout]     |
[INFO] [stdout] 184 |                         FILE_FLAG_FIRST_PIPE_INSTANCE
[INFO] [stdout]     |                         ^^^^^^^^^^^^^^^^^^^^^^^^^^^^^ not found in this scope
[INFO] [stdout] 
[INFO] [stdout] 
[INFO] [stdout] error[E0425]: cannot find value `PIPE_TYPE_BYTE` in this scope
[INFO] [stdout]    --> /opt/rustwide/cargo-home/registry/src/github.com-1ecc6299db9ec823/named_pipe-0.4.1/src/lib.rs:188:17
[INFO] [stdout]     |
[INFO] [stdout] 188 |                 PIPE_TYPE_BYTE | PIPE_READMODE_BYTE | PIPE_WAIT,
[INFO] [stdout]     |                 ^^^^^^^^^^^^^^ not found in this scope
[INFO] [stdout] 
[INFO] [stdout] 
[INFO] [stdout] error[E0425]: cannot find value `PIPE_READMODE_BYTE` in this scope
[INFO] [stdout]    --> /opt/rustwide/cargo-home/registry/src/github.com-1ecc6299db9ec823/named_pipe-0.4.1/src/lib.rs:188:34
[INFO] [stdout]     |
[INFO] [stdout] 188 |                 PIPE_TYPE_BYTE | PIPE_READMODE_BYTE | PIPE_WAIT,
[INFO] [stdout]     |                                  ^^^^^^^^^^^^^^^^^^ not found in this scope
[INFO] [stdout] 
[INFO] [stdout] 
[INFO] [stdout] error[E0425]: cannot find value `PIPE_WAIT` in this scope
[INFO] [stdout]    --> /opt/rustwide/cargo-home/registry/src/github.com-1ecc6299db9ec823/named_pipe-0.4.1/src/lib.rs:188:55
[INFO] [stdout]     |
[INFO] [stdout] 188 |                 PIPE_TYPE_BYTE | PIPE_READMODE_BYTE | PIPE_WAIT,
[INFO] [stdout]     |                                                       ^^^^^^^^^ not found in this scope
[INFO] [stdout] 
[INFO] [stdout] 
[INFO] [stdout] error[E0425]: cannot find value `PIPE_UNLIMITED_INSTANCES` in this scope
[INFO] [stdout]    --> /opt/rustwide/cargo-home/registry/src/github.com-1ecc6299db9ec823/named_pipe-0.4.1/src/lib.rs:189:17
[INFO] [stdout]     |
[INFO] [stdout] 189 |                 PIPE_UNLIMITED_INSTANCES,
[INFO] [stdout]     |                 ^^^^^^^^^^^^^^^^^^^^^^^^ not found in this scope
[INFO] [stdout] 
[INFO] [stdout] 
[INFO] [stdout] error[E0425]: cannot find value `INVALID_HANDLE_VALUE` in this scope
[INFO] [stdout]    --> /opt/rustwide/cargo-home/registry/src/github.com-1ecc6299db9ec823/named_pipe-0.4.1/src/lib.rs:197:22
[INFO] [stdout]     |
[INFO] [stdout] 197 |         if handle != INVALID_HANDLE_VALUE {
[INFO] [stdout]     |                      ^^^^^^^^^^^^^^^^^^^^ not found in this scope
[INFO] [stdout] 
[INFO] [stdout] 
[INFO] [stdout] error[E0425]: cannot find value `INFINITE` in this scope
[INFO] [stdout]    --> /opt/rustwide/cargo-home/registry/src/github.com-1ecc6299db9ec823/named_pipe-0.4.1/src/lib.rs:284:28
[INFO] [stdout]     |
[INFO] [stdout] 284 |         match self.wait_ms(INFINITE)? {
[INFO] [stdout]     |                            ^^^^^^^^ not found in this scope
[INFO] [stdout] 
[INFO] [stdout] 
[INFO] [stdout] error[E0425]: cannot find function, tuple struct or tuple variant `FlushFileBuffers` in this scope
[INFO] [stdout]    --> /opt/rustwide/cargo-home/registry/src/github.com-1ecc6299db9ec823/named_pipe-0.4.1/src/lib.rs:330:35
[INFO] [stdout]     |
[INFO] [stdout] 330 |         let mut result = unsafe { FlushFileBuffers(handle.value) };
[INFO] [stdout]     |                                   ^^^^^^^^^^^^^^^^ not found in this scope
[INFO] [stdout] 
[INFO] [stdout] 
[INFO] [stdout] error[E0425]: cannot find function, tuple struct or tuple variant `DisconnectNamedPipe` in this scope
[INFO] [stdout]    --> /opt/rustwide/cargo-home/registry/src/github.com-1ecc6299db9ec823/named_pipe-0.4.1/src/lib.rs:333:31
[INFO] [stdout]     |
[INFO] [stdout] 333 |             result = unsafe { DisconnectNamedPipe(handle.value) };
[INFO] [stdout]     |                               ^^^^^^^^^^^^^^^^^^^ not found in this scope
[INFO] [stdout] 
[INFO] [stdout] 
[INFO] [stdout] error[E0425]: cannot find value `ERROR_BROKEN_PIPE` in this scope
[INFO] [stdout]    --> /opt/rustwide/cargo-home/registry/src/github.com-1ecc6299db9ec823/named_pipe-0.4.1/src/lib.rs:450:47
[INFO] [stdout]     |
[INFO] [stdout] 450 |                 if err.raw_os_error() == Some(ERROR_BROKEN_PIPE as i32) {
[INFO] [stdout]     |                                               ^^^^^^^^^^^^^^^^^ not found in this scope
[INFO] [stdout] 
[INFO] [stdout] 
[INFO] [stdout] error[E0425]: cannot find function, tuple struct or tuple variant `FlushFileBuffers` in this scope
[INFO] [stdout]    --> /opt/rustwide/cargo-home/registry/src/github.com-1ecc6299db9ec823/named_pipe-0.4.1/src/lib.rs:471:39
[INFO] [stdout]     |
[INFO] [stdout] 471 |                 let result = unsafe { FlushFileBuffers(handle.value) };
[INFO] [stdout]     |                                       ^^^^^^^^^^^^^^^^ not found in this scope
[INFO] [stdout] 
[INFO] [stdout] 
[INFO] [stdout] error[E0425]: cannot find function, tuple struct or tuple variant `FlushFileBuffers` in this scope
[INFO] [stdout]    --> /opt/rustwide/cargo-home/registry/src/github.com-1ecc6299db9ec823/named_pipe-0.4.1/src/lib.rs:486:30
[INFO] [stdout]     |
[INFO] [stdout] 486 |             let _ = unsafe { FlushFileBuffers(handle.value) };
[INFO] [stdout]     |                              ^^^^^^^^^^^^^^^^ not found in this scope
[INFO] [stdout] 
[INFO] [stdout] 
[INFO] [stdout] error[E0425]: cannot find function, tuple struct or tuple variant `DisconnectNamedPipe` in this scope
[INFO] [stdout]    --> /opt/rustwide/cargo-home/registry/src/github.com-1ecc6299db9ec823/named_pipe-0.4.1/src/lib.rs:487:30
[INFO] [stdout]     |
[INFO] [stdout] 487 |             let _ = unsafe { DisconnectNamedPipe(handle.value) };
[INFO] [stdout]     |                              ^^^^^^^^^^^^^^^^^^^ not found in this scope
[INFO] [stdout] 
[INFO] [stdout] 
[INFO] [stdout] error[E0412]: cannot find type `DWORD` in this scope
[INFO] [stdout]    --> /opt/rustwide/cargo-home/registry/src/github.com-1ecc6299db9ec823/named_pipe-0.4.1/src/lib.rs:502:43
[INFO] [stdout]     |
[INFO] [stdout] 502 |     fn create_file(name: &Vec<u16>, mode: DWORD) -> io::Result<Handle> {
[INFO] [stdout]     |                                           ^^^^^ not found in this scope
[INFO] [stdout] 
[INFO] [stdout] 
[INFO] [stdout] error[E0425]: cannot find function, tuple struct or tuple variant `CreateFileW` in this scope
[INFO] [stdout]    --> /opt/rustwide/cargo-home/registry/src/github.com-1ecc6299db9ec823/named_pipe-0.4.1/src/lib.rs:505:17
[INFO] [stdout]     |
[INFO] [stdout] 505 |                 CreateFileW(
[INFO] [stdout]     |                 ^^^^^^^^^^^ not found in this scope
[INFO] [stdout] 
[INFO] [stdout] 
[INFO] [stdout] error[E0425]: cannot find value `OPEN_EXISTING` in this scope
[INFO] [stdout]    --> /opt/rustwide/cargo-home/registry/src/github.com-1ecc6299db9ec823/named_pipe-0.4.1/src/lib.rs:510:21
[INFO] [stdout]     |
[INFO] [stdout] 510 |                     OPEN_EXISTING,
[INFO] [stdout]     |                     ^^^^^^^^^^^^^ not found in this scope
[INFO] [stdout] 
[INFO] [stdout] 
[INFO] [stdout] error[E0425]: cannot find value `FILE_FLAG_OVERLAPPED` in this scope
[INFO] [stdout]    --> /opt/rustwide/cargo-home/registry/src/github.com-1ecc6299db9ec823/named_pipe-0.4.1/src/lib.rs:511:21
[INFO] [stdout]     |
[INFO] [stdout] 511 |                     FILE_FLAG_OVERLAPPED,
[INFO] [stdout]     |                     ^^^^^^^^^^^^^^^^^^^^ not found in this scope
[INFO] [stdout] 
[INFO] [stdout] 
[INFO] [stdout] error[E0425]: cannot find value `INVALID_HANDLE_VALUE` in this scope
[INFO] [stdout]    --> /opt/rustwide/cargo-home/registry/src/github.com-1ecc6299db9ec823/named_pipe-0.4.1/src/lib.rs:516:26
[INFO] [stdout]     |
[INFO] [stdout] 516 |             if handle != INVALID_HANDLE_VALUE {
[INFO] [stdout]     |                          ^^^^^^^^^^^^^^^^^^^^ not found in this scope
[INFO] [stdout] 
[INFO] [stdout] 
[INFO] [stdout] error[E0425]: cannot find function, tuple struct or tuple variant `GetLastError` in this scope
[INFO] [stdout]    --> /opt/rustwide/cargo-home/registry/src/github.com-1ecc6299db9ec823/named_pipe-0.4.1/src/lib.rs:520:28
[INFO] [stdout]     |
[INFO] [stdout] 520 |             match unsafe { GetLastError() } {
[INFO] [stdout]     |                            ^^^^^^^^^^^^ not found in this scope
[INFO] [stdout] 
[INFO] [stdout] 
[INFO] [stdout] error[E0425]: cannot find function, tuple struct or tuple variant `WaitNamedPipeW` in this scope
[INFO] [stdout]    --> /opt/rustwide/cargo-home/registry/src/github.com-1ecc6299db9ec823/named_pipe-0.4.1/src/lib.rs:522:30
[INFO] [stdout]     |
[INFO] [stdout] 522 |                     unsafe { WaitNamedPipeW(name.as_ptr(), 0) };
[INFO] [stdout]     |                              ^^^^^^^^^^^^^^ not found in this scope
[INFO] [stdout] 
[INFO] [stdout] 
[INFO] [stdout] error[E0425]: cannot find value `GENERIC_READ` in this scope
[INFO] [stdout]    --> /opt/rustwide/cargo-home/registry/src/github.com-1ecc6299db9ec823/named_pipe-0.4.1/src/lib.rs:525:38
[INFO] [stdout]     |
[INFO] [stdout] 525 |                     mode if mode == (GENERIC_READ | GENERIC_WRITE) => {
[INFO] [stdout]     |                                      ^^^^^^^^^^^^ not found in this scope
[INFO] [stdout] 
[INFO] [stdout] 
[INFO] [stdout] error[E0425]: cannot find value `GENERIC_WRITE` in this scope
[INFO] [stdout]    --> /opt/rustwide/cargo-home/registry/src/github.com-1ecc6299db9ec823/named_pipe-0.4.1/src/lib.rs:525:53
[INFO] [stdout]     |
[INFO] [stdout] 525 |                     mode if mode == (GENERIC_READ | GENERIC_WRITE) => {
[INFO] [stdout]     |                                                     ^^^^^^^^^^^^^ not found in this scope
[INFO] [stdout] 
[INFO] [stdout] 
[INFO] [stdout] error[E0425]: cannot find value `GENERIC_READ` in this scope
[INFO] [stdout]    --> /opt/rustwide/cargo-home/registry/src/github.com-1ecc6299db9ec823/named_pipe-0.4.1/src/lib.rs:526:62
[INFO] [stdout]     |
[INFO] [stdout] 526 |                         return PipeClient::create_file(name, GENERIC_READ | FILE_WRITE_ATTRIBUTES);
[INFO] [stdout]     |                                                              ^^^^^^^^^^^^ not found in this scope
[INFO] [stdout] 
[INFO] [stdout] 
[INFO] [stdout] error[E0425]: cannot find value `FILE_WRITE_ATTRIBUTES` in this scope
[INFO] [stdout]    --> /opt/rustwide/cargo-home/registry/src/github.com-1ecc6299db9ec823/named_pipe-0.4.1/src/lib.rs:526:77
[INFO] [stdout]     |
[INFO] [stdout] 526 |                         return PipeClient::create_file(name, GENERIC_READ | FILE_WRITE_ATTRIBUTES);
[INFO] [stdout]     |                                                                             ^^^^^^^^^^^^^^^^^^^^^ not found in this scope
[INFO] [stdout] 
[INFO] [stdout] 
[INFO] [stdout] error[E0425]: cannot find value `GENERIC_READ` in this scope
[INFO] [stdout]    --> /opt/rustwide/cargo-home/registry/src/github.com-1ecc6299db9ec823/named_pipe-0.4.1/src/lib.rs:528:38
[INFO] [stdout]     |
[INFO] [stdout] 528 |                     mode if mode == (GENERIC_READ | FILE_WRITE_ATTRIBUTES) => {
[INFO] [stdout]     |                                      ^^^^^^^^^^^^ not found in this scope
[INFO] [stdout] 
[INFO] [stdout] 
[INFO] [stdout] error[E0425]: cannot find value `FILE_WRITE_ATTRIBUTES` in this scope
[INFO] [stdout]    --> /opt/rustwide/cargo-home/registry/src/github.com-1ecc6299db9ec823/named_pipe-0.4.1/src/lib.rs:528:53
[INFO] [stdout]     |
[INFO] [stdout] 528 |                     mode if mode == (GENERIC_READ | FILE_WRITE_ATTRIBUTES) => {
[INFO] [stdout]     |                                                     ^^^^^^^^^^^^^^^^^^^^^ not found in this scope
[INFO] [stdout] 
[INFO] [stdout] 
[INFO] [stdout] error[E0425]: cannot find value `GENERIC_WRITE` in this scope
[INFO] [stdout]    --> /opt/rustwide/cargo-home/registry/src/github.com-1ecc6299db9ec823/named_pipe-0.4.1/src/lib.rs:529:62
[INFO] [stdout]     |
[INFO] [stdout] 529 |                         return PipeClient::create_file(name, GENERIC_WRITE | FILE_READ_ATTRIBUTES);
[INFO] [stdout]     |                                                              ^^^^^^^^^^^^^ not found in this scope
[INFO] [stdout] 
[INFO] [stdout] 
[INFO] [stdout] error[E0425]: cannot find value `FILE_READ_ATTRIBUTES` in this scope
[INFO] [stdout]    --> /opt/rustwide/cargo-home/registry/src/github.com-1ecc6299db9ec823/named_pipe-0.4.1/src/lib.rs:529:78
[INFO] [stdout]     |
[INFO] [stdout] 529 |                         return PipeClient::create_file(name, GENERIC_WRITE | FILE_READ_ATTRIBUTES);
[INFO] [stdout]     |                                                                              ^^^^^^^^^^^^^^^^^^^^ not found in this scope
[INFO] [stdout] 
[INFO] [stdout] 
[INFO] [stdout] error[E0425]: cannot find value `GENERIC_READ` in this scope
[INFO] [stdout]    --> /opt/rustwide/cargo-home/registry/src/github.com-1ecc6299db9ec823/named_pipe-0.4.1/src/lib.rs:554:55
[INFO] [stdout]     |
[INFO] [stdout] 554 |             match PipeClient::create_file(&full_name, GENERIC_READ | GENERIC_WRITE) {
[INFO] [stdout]     |                                                       ^^^^^^^^^^^^ not found in this scope
[INFO] [stdout] 
[INFO] [stdout] 
[INFO] [stdout] error[E0425]: cannot find value `GENERIC_WRITE` in this scope
[INFO] [stdout]    --> /opt/rustwide/cargo-home/registry/src/github.com-1ecc6299db9ec823/named_pipe-0.4.1/src/lib.rs:554:70
[INFO] [stdout]     |
[INFO] [stdout] 554 |             match PipeClient::create_file(&full_name, GENERIC_READ | GENERIC_WRITE) {
[INFO] [stdout]     |                                                                      ^^^^^^^^^^^^^ not found in this scope
[INFO] [stdout] 
[INFO] [stdout] 
[INFO] [stdout] error[E0425]: cannot find value `PIPE_TYPE_BYTE` in this scope
[INFO] [stdout]    --> /opt/rustwide/cargo-home/registry/src/github.com-1ecc6299db9ec823/named_pipe-0.4.1/src/lib.rs:557:40
[INFO] [stdout]     |
[INFO] [stdout] 557 |                         let mut mode = PIPE_TYPE_BYTE | PIPE_READMODE_BYTE | PIPE_WAIT;
[INFO] [stdout]     |                                        ^^^^^^^^^^^^^^ not found in this scope
[INFO] [stdout] 
[INFO] [stdout] 
[INFO] [stdout] error[E0425]: cannot find value `PIPE_READMODE_BYTE` in this scope
[INFO] [stdout]    --> /opt/rustwide/cargo-home/registry/src/github.com-1ecc6299db9ec823/named_pipe-0.4.1/src/lib.rs:557:57
[INFO] [stdout]     |
[INFO] [stdout] 557 |                         let mut mode = PIPE_TYPE_BYTE | PIPE_READMODE_BYTE | PIPE_WAIT;
[INFO] [stdout]     |                                                         ^^^^^^^^^^^^^^^^^^ not found in this scope
[INFO] [stdout] 
[INFO] [stdout] 
[INFO] [stdout] error[E0425]: cannot find value `PIPE_WAIT` in this scope
[INFO] [stdout]    --> /opt/rustwide/cargo-home/registry/src/github.com-1ecc6299db9ec823/named_pipe-0.4.1/src/lib.rs:557:78
[INFO] [stdout]     |
[INFO] [stdout] 557 |                         let mut mode = PIPE_TYPE_BYTE | PIPE_READMODE_BYTE | PIPE_WAIT;
[INFO] [stdout]     |                                                                              ^^^^^^^^^ not found in this scope
[INFO] [stdout] 
[INFO] [stdout] 
[INFO] [stdout] error[E0425]: cannot find function, tuple struct or tuple variant `SetNamedPipeHandleState` in this scope
[INFO] [stdout]    --> /opt/rustwide/cargo-home/registry/src/github.com-1ecc6299db9ec823/named_pipe-0.4.1/src/lib.rs:558:25
[INFO] [stdout]     |
[INFO] [stdout] 558 |                         SetNamedPipeHandleState(
[INFO] [stdout]     |                         ^^^^^^^^^^^^^^^^^^^^^^^ not found in this scope
[INFO] [stdout] 
[INFO] [stdout] 
[INFO] [stdout] error[E0425]: cannot find value `ERROR_PIPE_BUSY` in this scope
[INFO] [stdout]    --> /opt/rustwide/cargo-home/registry/src/github.com-1ecc6299db9ec823/named_pipe-0.4.1/src/lib.rs:578:55
[INFO] [stdout]     |
[INFO] [stdout] 578 |                     if err.raw_os_error().unwrap() == ERROR_PIPE_BUSY as i32 {
[INFO] [stdout]     |                                                       ^^^^^^^^^^^^^^^ not found in this scope
[INFO] [stdout] 
[INFO] [stdout] 
[INFO] [stdout] error[E0425]: cannot find function, tuple struct or tuple variant `WaitNamedPipeW` in this scope
[INFO] [stdout]    --> /opt/rustwide/cargo-home/registry/src/github.com-1ecc6299db9ec823/named_pipe-0.4.1/src/lib.rs:581:51
[INFO] [stdout]     |
[INFO] [stdout] 581 | ...                   let result = unsafe { WaitNamedPipeW(full_name.as_ptr(), timeout) };
[INFO] [stdout]     |                                             ^^^^^^^^^^^^^^ not found in this scope
[INFO] [stdout] 
[INFO] [stdout] 
[INFO] [stdout] error[E0425]: cannot find function, tuple struct or tuple variant `FlushFileBuffers` in this scope
[INFO] [stdout]    --> /opt/rustwide/cargo-home/registry/src/github.com-1ecc6299db9ec823/named_pipe-0.4.1/src/lib.rs:707:31
[INFO] [stdout]     |
[INFO] [stdout] 707 |         let result = unsafe { FlushFileBuffers(self.handle.value) };
[INFO] [stdout]     |                               ^^^^^^^^^^^^^^^^ not found in this scope
[INFO] [stdout] 
[INFO] [stdout] 
[INFO] [stdout] error[E0412]: cannot find type `HANDLE` in this scope
[INFO] [stdout]    --> /opt/rustwide/cargo-home/registry/src/github.com-1ecc6299db9ec823/named_pipe-0.4.1/src/lib.rs:718:13
[INFO] [stdout]     |
[INFO] [stdout] 718 |     handle: HANDLE,
[INFO] [stdout]     |             ^^^^^^ not found in this scope
[INFO] [stdout] 
[INFO] [stdout] 
[INFO] [stdout] error[E0412]: cannot find type `HANDLE` in this scope
[INFO] [stdout]    --> /opt/rustwide/cargo-home/registry/src/github.com-1ecc6299db9ec823/named_pipe-0.4.1/src/lib.rs:725:18
[INFO] [stdout]     |
[INFO] [stdout] 725 |     pipe_handle: HANDLE,
[INFO] [stdout]     |                  ^^^^^^ not found in this scope
[INFO] [stdout] 
[INFO] [stdout] 
[INFO] [stdout] error[E0412]: cannot find type `HANDLE` in this scope
[INFO] [stdout]    --> /opt/rustwide/cargo-home/registry/src/github.com-1ecc6299db9ec823/named_pipe-0.4.1/src/lib.rs:726:19
[INFO] [stdout]     |
[INFO] [stdout] 726 |     event_handle: HANDLE,
[INFO] [stdout]     |                   ^^^^^^ not found in this scope
[INFO] [stdout] 
[INFO] [stdout] 
[INFO] [stdout] error[E0425]: cannot find value `INFINITE` in this scope
[INFO] [stdout]    --> /opt/rustwide/cargo-home/registry/src/github.com-1ecc6299db9ec823/named_pipe-0.4.1/src/lib.rs:964:57
[INFO] [stdout]     |
[INFO] [stdout] 964 |         let timeout = self.get_read_timeout().unwrap_or(INFINITE);
[INFO] [stdout]     |                                                         ^^^^^^^^ not found in this scope
[INFO] [stdout] 
[INFO] [stdout] 
[INFO] [stdout] error[E0425]: cannot find function, tuple struct or tuple variant `CancelIoEx` in this scope
[INFO] [stdout]    --> /opt/rustwide/cargo-home/registry/src/github.com-1ecc6299db9ec823/named_pipe-0.4.1/src/lib.rs:968:17
[INFO] [stdout]     |
[INFO] [stdout] 968 |                 CancelIoEx(io_obj.handle, &mut *io_obj.ovl.ovl)
[INFO] [stdout]     |                 ^^^^^^^^^^ not found in this scope
[INFO] [stdout] 
[INFO] [stdout] 
[INFO] [stdout] error[E0425]: cannot find value `FALSE` in this scope
[INFO] [stdout]    --> /opt/rustwide/cargo-home/registry/src/github.com-1ecc6299db9ec823/named_pipe-0.4.1/src/lib.rs:970:26
[INFO] [stdout]     |
[INFO] [stdout] 970 |             if result == FALSE {
[INFO] [stdout]     |                          ^^^^^ not found in this scope
[INFO] [stdout] 
[INFO] [stdout] 
[INFO] [stdout] error[E0425]: cannot find value `INFINITE` in this scope
[INFO] [stdout]    --> /opt/rustwide/cargo-home/registry/src/github.com-1ecc6299db9ec823/named_pipe-0.4.1/src/lib.rs:984:61
[INFO] [stdout]     |
[INFO] [stdout] 984 |             let timeout = self.get_read_timeout().unwrap_or(INFINITE);
[INFO] [stdout]     |                                                             ^^^^^^^^ not found in this scope
[INFO] [stdout] 
[INFO] [stdout] 
[INFO] [stdout] error[E0425]: cannot find value `ERROR_BROKEN_PIPE` in this scope
[INFO] [stdout]     --> /opt/rustwide/cargo-home/registry/src/github.com-1ecc6299db9ec823/named_pipe-0.4.1/src/lib.rs:1029:47
[INFO] [stdout]      |
[INFO] [stdout] 1029 |                 if err.raw_os_error() == Some(ERROR_BROKEN_PIPE as i32) {
[INFO] [stdout]      |                                               ^^^^^^^^^^^^^^^^^ not found in this scope
[INFO] [stdout] 
[INFO] [stdout] 
[INFO] [stdout] error[E0425]: cannot find value `INFINITE` in this scope
[INFO] [stdout]     --> /opt/rustwide/cargo-home/registry/src/github.com-1ecc6299db9ec823/named_pipe-0.4.1/src/lib.rs:1077:58
[INFO] [stdout]      |
[INFO] [stdout] 1077 |         let timeout = self.get_write_timeout().unwrap_or(INFINITE);
[INFO] [stdout]      |                                                          ^^^^^^^^ not found in this scope
[INFO] [stdout] 
[INFO] [stdout] 
[INFO] [stdout] error[E0425]: cannot find function, tuple struct or tuple variant `CancelIoEx` in this scope
[INFO] [stdout]     --> /opt/rustwide/cargo-home/registry/src/github.com-1ecc6299db9ec823/named_pipe-0.4.1/src/lib.rs:1081:17
[INFO] [stdout]      |
[INFO] [stdout] 1081 |                 CancelIoEx(io_obj.handle, &mut *io_obj.ovl.ovl)
[INFO] [stdout]      |                 ^^^^^^^^^^ not found in this scope
[INFO] [stdout] 
[INFO] [stdout] 
[INFO] [stdout] error[E0425]: cannot find value `FALSE` in this scope
[INFO] [stdout]     --> /opt/rustwide/cargo-home/registry/src/github.com-1ecc6299db9ec823/named_pipe-0.4.1/src/lib.rs:1083:26
[INFO] [stdout]      |
[INFO] [stdout] 1083 |             if result == FALSE {
[INFO] [stdout]      |                          ^^^^^ not found in this scope
[INFO] [stdout] 
[INFO] [stdout] 
[INFO] [stdout] error[E0425]: cannot find value `INFINITE` in this scope
[INFO] [stdout]     --> /opt/rustwide/cargo-home/registry/src/github.com-1ecc6299db9ec823/named_pipe-0.4.1/src/lib.rs:1097:62
[INFO] [stdout]      |
[INFO] [stdout] 1097 |             let timeout = self.get_write_timeout().unwrap_or(INFINITE);
[INFO] [stdout]      |                                                              ^^^^^^^^ not found in this scope
[INFO] [stdout] 
[INFO] [stdout] 
[INFO] [stdout] error[E0425]: cannot find function, tuple struct or tuple variant `ConnectNamedPipe` in this scope
[INFO] [stdout]     --> /opt/rustwide/cargo-home/registry/src/github.com-1ecc6299db9ec823/named_pipe-0.4.1/src/lib.rs:1143:27
[INFO] [stdout]      |
[INFO] [stdout] 1143 |     let result = unsafe { ConnectNamedPipe(handle.value, ovl.get_mut()) };
[INFO] [stdout]      |                           ^^^^^^^^^^^^^^^^ not found in this scope
[INFO] [stdout] 
[INFO] [stdout] 
[INFO] [stdout] error[E0425]: cannot find value `TRUE` in this scope
[INFO] [stdout]     --> /opt/rustwide/cargo-home/registry/src/github.com-1ecc6299db9ec823/named_pipe-0.4.1/src/lib.rs:1144:18
[INFO] [stdout]      |
[INFO] [stdout] 1144 |     if result == TRUE {
[INFO] [stdout]      |                  ^^^^ not found in this scope
[INFO] [stdout] 
[INFO] [stdout] 
[INFO] [stdout] error[E0425]: cannot find function, tuple struct or tuple variant `ReadFile` in this scope
[INFO] [stdout]     --> /opt/rustwide/cargo-home/registry/src/github.com-1ecc6299db9ec823/named_pipe-0.4.1/src/lib.rs:1166:9
[INFO] [stdout]      |
[INFO] [stdout] 1166 |         ReadFile(
[INFO] [stdout]      |         ^^^^^^^^ not found in this scope
[INFO] [stdout] 
[INFO] [stdout] 
[INFO] [stdout] error[E0412]: cannot find type `c_void` in this scope
[INFO] [stdout]     --> /opt/rustwide/cargo-home/registry/src/github.com-1ecc6299db9ec823/named_pipe-0.4.1/src/lib.rs:1168:38
[INFO] [stdout]      |
[INFO] [stdout] 1168 |             buf.as_mut_ptr() as *mut c_void,
[INFO] [stdout]      |                                      ^^^^^^ not found in this scope
[INFO] [stdout]      |
[INFO] [stdout] help: consider importing one of these items
[INFO] [stdout]      |
[INFO] [stdout] 28   | use core::ffi::c_void;
[INFO] [stdout]      |
[INFO] [stdout] 28   | use std::os::raw::c_void;
[INFO] [stdout]      |
[INFO] [stdout] 
[INFO] [stdout] 
[INFO] [stdout] error[E0425]: cannot find value `ERROR_IO_PENDING` in this scope
[INFO] [stdout]     --> /opt/rustwide/cargo-home/registry/src/github.com-1ecc6299db9ec823/named_pipe-0.4.1/src/lib.rs:1185:58
[INFO] [stdout]      |
[INFO] [stdout] 1185 |         if result == 0 && err.raw_os_error().unwrap() == ERROR_IO_PENDING as i32 {
[INFO] [stdout]      |                                                          ^^^^^^^^^^^^^^^^ not found in this scope
[INFO] [stdout] 
[INFO] [stdout] 
[INFO] [stdout] error[E0425]: cannot find function, tuple struct or tuple variant `ReadFile` in this scope
[INFO] [stdout]     --> /opt/rustwide/cargo-home/registry/src/github.com-1ecc6299db9ec823/named_pipe-0.4.1/src/lib.rs:1203:9
[INFO] [stdout]      |
[INFO] [stdout] 1203 |         ReadFile(
[INFO] [stdout]      |         ^^^^^^^^ not found in this scope
[INFO] [stdout] 
[INFO] [stdout] 
[INFO] [stdout] error[E0412]: cannot find type `c_void` in this scope
[INFO] [stdout]     --> /opt/rustwide/cargo-home/registry/src/github.com-1ecc6299db9ec823/named_pipe-0.4.1/src/lib.rs:1205:38
[INFO] [stdout]      |
[INFO] [stdout] 1205 |             buf.as_mut_ptr() as *mut c_void,
[INFO] [stdout]      |                                      ^^^^^^ not found in this scope
[INFO] [stdout]      |
[INFO] [stdout] help: consider importing one of these items
[INFO] [stdout]      |
[INFO] [stdout] 28   | use core::ffi::c_void;
[INFO] [stdout]      |
[INFO] [stdout] 28   | use std::os::raw::c_void;
[INFO] [stdout]      |
[INFO] [stdout] 
[INFO] [stdout] 
[INFO] [stdout] error[E0425]: cannot find value `ERROR_IO_PENDING` in this scope
[INFO] [stdout]     --> /opt/rustwide/cargo-home/registry/src/github.com-1ecc6299db9ec823/named_pipe-0.4.1/src/lib.rs:1222:58
[INFO] [stdout]      |
[INFO] [stdout] 1222 |         if result == 0 && err.raw_os_error().unwrap() == ERROR_IO_PENDING as i32 {
[INFO] [stdout]      |                                                          ^^^^^^^^^^^^^^^^ not found in this scope
[INFO] [stdout] 
[INFO] [stdout] 
[INFO] [stdout] error[E0425]: cannot find function, tuple struct or tuple variant `WriteFile` in this scope
[INFO] [stdout]     --> /opt/rustwide/cargo-home/registry/src/github.com-1ecc6299db9ec823/named_pipe-0.4.1/src/lib.rs:1244:9
[INFO] [stdout]      |
[INFO] [stdout] 1244 |         WriteFile(
[INFO] [stdout]      |         ^^^^^^^^^ not found in this scope
[INFO] [stdout] 
[INFO] [stdout] 
[INFO] [stdout] error[E0412]: cannot find type `c_void` in this scope
[INFO] [stdout]     --> /opt/rustwide/cargo-home/registry/src/github.com-1ecc6299db9ec823/named_pipe-0.4.1/src/lib.rs:1246:34
[INFO] [stdout]      |
[INFO] [stdout] 1246 |             buf.as_ptr() as *mut c_void,
[INFO] [stdout]      |                                  ^^^^^^ not found in this scope
[INFO] [stdout]      |
[INFO] [stdout] help: consider importing one of these items
[INFO] [stdout]      |
[INFO] [stdout] 28   | use core::ffi::c_void;
[INFO] [stdout]      |
[INFO] [stdout] 28   | use std::os::raw::c_void;
[INFO] [stdout]      |
[INFO] [stdout] 
[INFO] [stdout] 
[INFO] [stdout] error[E0425]: cannot find value `ERROR_IO_PENDING` in this scope
[INFO] [stdout]     --> /opt/rustwide/cargo-home/registry/src/github.com-1ecc6299db9ec823/named_pipe-0.4.1/src/lib.rs:1264:58
[INFO] [stdout]      |
[INFO] [stdout] 1264 |         if result == 0 && err.raw_os_error().unwrap() == ERROR_IO_PENDING as i32 {
[INFO] [stdout]      |                                                          ^^^^^^^^^^^^^^^^ not found in this scope
[INFO] [stdout] 
[INFO] [stdout] 
[INFO] [stdout] error[E0425]: cannot find function, tuple struct or tuple variant `WriteFile` in this scope
[INFO] [stdout]     --> /opt/rustwide/cargo-home/registry/src/github.com-1ecc6299db9ec823/named_pipe-0.4.1/src/lib.rs:1287:9
[INFO] [stdout]      |
[INFO] [stdout] 1287 |         WriteFile(
[INFO] [stdout]      |         ^^^^^^^^^ not found in this scope
[INFO] [stdout] 
[INFO] [stdout] 
[INFO] [stdout] error[E0412]: cannot find type `c_void` in this scope
[INFO] [stdout]     --> /opt/rustwide/cargo-home/registry/src/github.com-1ecc6299db9ec823/named_pipe-0.4.1/src/lib.rs:1289:34
[INFO] [stdout]      |
[INFO] [stdout] 1289 |             buf.as_ptr() as *mut c_void,
[INFO] [stdout]      |                                  ^^^^^^ not found in this scope
[INFO] [stdout]      |
[INFO] [stdout] help: consider importing one of these items
[INFO] [stdout]      |
[INFO] [stdout] 28   | use core::ffi::c_void;
[INFO] [stdout]      |
[INFO] [stdout] 28   | use std::os::raw::c_void;
[INFO] [stdout]      |
[INFO] [stdout] 
[INFO] [stdout] 
[INFO] [stdout] error[E0425]: cannot find value `ERROR_IO_PENDING` in this scope
[INFO] [stdout]     --> /opt/rustwide/cargo-home/registry/src/github.com-1ecc6299db9ec823/named_pipe-0.4.1/src/lib.rs:1307:58
[INFO] [stdout]      |
[INFO] [stdout] 1307 |         if result == 0 && err.raw_os_error().unwrap() == ERROR_IO_PENDING as i32 {
[INFO] [stdout]      |                                                          ^^^^^^^^^^^^^^^^ not found in this scope
[INFO] [stdout] 
[INFO] [stdout] 
[INFO] [stdout] error[E0425]: cannot find function, tuple struct or tuple variant `GetOverlappedResult` in this scope
[INFO] [stdout]     --> /opt/rustwide/cargo-home/registry/src/github.com-1ecc6299db9ec823/named_pipe-0.4.1/src/lib.rs:1325:9
[INFO] [stdout]      |
[INFO] [stdout] 1325 |         GetOverlappedResult(io_obj.handle, &mut *io_obj.ovl.ovl, count, TRUE)
[INFO] [stdout]      |         ^^^^^^^^^^^^^^^^^^^ not found in this scope
[INFO] [stdout] 
[INFO] [stdout] 
[INFO] [stdout] error[E0425]: cannot find value `TRUE` in this scope
[INFO] [stdout]     --> /opt/rustwide/cargo-home/registry/src/github.com-1ecc6299db9ec823/named_pipe-0.4.1/src/lib.rs:1325:73
[INFO] [stdout]      |
[INFO] [stdout] 1325 |         GetOverlappedResult(io_obj.handle, &mut *io_obj.ovl.ovl, count, TRUE)
[INFO] [stdout]      |                                                                         ^^^^ not found in this scope
[INFO] [stdout] 
[INFO] [stdout] 
[INFO] [stdout] error[E0425]: cannot find function, tuple struct or tuple variant `WaitForSingleObject` in this scope
[INFO] [stdout]     --> /opt/rustwide/cargo-home/registry/src/github.com-1ecc6299db9ec823/named_pipe-0.4.1/src/lib.rs:1340:9
[INFO] [stdout]      |
[INFO] [stdout] 1340 |         WaitForSingleObject(io_obj.ovl.event.handle.value, timeout)
[INFO] [stdout]      |         ^^^^^^^^^^^^^^^^^^^ not found in this scope
[INFO] [stdout] 
[INFO] [stdout] 
[INFO] [stdout] error[E0425]: cannot find value `MAXIMUM_WAIT_OBJECTS` in this scope
[INFO] [stdout]     --> /opt/rustwide/cargo-home/registry/src/github.com-1ecc6299db9ec823/named_pipe-0.4.1/src/lib.rs:1355:27
[INFO] [stdout]      |
[INFO] [stdout] 1355 |     assert!(list.len() <= MAXIMUM_WAIT_OBJECTS as usize);
[INFO] [stdout]      |                           ^^^^^^^^^^^^^^^^^^^^ not found in this scope
[INFO] [stdout] 
[INFO] [stdout] 
[INFO] [stdout] error[E0425]: cannot find function, tuple struct or tuple variant `WaitForMultipleObjects` in this scope
[INFO] [stdout]     --> /opt/rustwide/cargo-home/registry/src/github.com-1ecc6299db9ec823/named_pipe-0.4.1/src/lib.rs:1366:13
[INFO] [stdout]      |
[INFO] [stdout] 1366 |             WaitForMultipleObjects(
[INFO] [stdout]      |             ^^^^^^^^^^^^^^^^^^^^^^ not found in this scope
[INFO] [stdout] 
[INFO] [stdout] 
[INFO] [stdout] error[E0425]: cannot find value `TRUE` in this scope
[INFO] [stdout]     --> /opt/rustwide/cargo-home/registry/src/github.com-1ecc6299db9ec823/named_pipe-0.4.1/src/lib.rs:1369:26
[INFO] [stdout]      |
[INFO] [stdout] 1369 |                 if all { TRUE } else { FALSE },
[INFO] [stdout]      |                          ^^^^ not found in this scope
[INFO] [stdout] 
[INFO] [stdout] 
[INFO] [stdout] error[E0425]: cannot find value `FALSE` in this scope
[INFO] [stdout]     --> /opt/rustwide/cargo-home/registry/src/github.com-1ecc6299db9ec823/named_pipe-0.4.1/src/lib.rs:1369:40
[INFO] [stdout]      |
[INFO] [stdout] 1369 |                 if all { TRUE } else { FALSE },
[INFO] [stdout]      |                                        ^^^^^ not found in this scope
[INFO] [stdout] 
[INFO] [stdout] 
[INFO] [stdout] error[E0425]: cannot find value `INFINITE` in this scope
[INFO] [stdout]     --> /opt/rustwide/cargo-home/registry/src/github.com-1ecc6299db9ec823/named_pipe-0.4.1/src/lib.rs:1400:46
[INFO] [stdout]      |
[INFO] [stdout] 1400 |     match wait_for_multiple_obj(list, false, INFINITE)? {
[INFO] [stdout]      |                                              ^^^^^^^^ not found in this scope
[INFO] [stdout] 
[INFO] [stdout] 
[INFO] [stdout] error[E0599]: no method named `encode_wide` found for reference `&OsStr` in the current scope
[INFO] [stdout]   --> /opt/rustwide/cargo-home/git/checkouts/syringe-d403b12a0eabba76/ef94577/src/lib.rs:55:55
[INFO] [stdout]    |
[INFO] [stdout] 55 |     let payload_file_path: Vec<u16> = dll.as_os_str().encode_wide().chain(iter::once(0)).collect();
[INFO] [stdout]    |                                                       ^^^^^^^^^^^ method not found in `&OsStr`
[INFO] [stdout] 
[INFO] [stdout] 
[INFO] [stdout] error[E0599]: no function or associated item named `from_wide` found for struct `OsString` in the current scope
[INFO] [stdout]    --> /opt/rustwide/cargo-home/git/checkouts/syringe-d403b12a0eabba76/ef94577/src/lib.rs:193:33
[INFO] [stdout]     |
[INFO] [stdout] 193 |         let message = OsString::from_wide(message_slice);
[INFO] [stdout]     |                                 ^^^^^^^^^ function or associated item not found in `OsString`
[INFO] [stdout] 
[INFO] [stdout] 
[INFO] [stdout] error: aborting due to 37 previous errors
[INFO] [stdout] 
[INFO] [stdout] 
[INFO] [stdout] Some errors have detailed explanations: E0412, E0425, E0432, E0433, E0599.
[INFO] [stdout] 
[INFO] [stdout] For more information about an error, try `rustc --explain E0412`.
[INFO] [stdout] 
[INFO] [stderr] error: could not compile `syringe`
[INFO] [stderr] 
[INFO] [stderr] To learn more, run the command again with --verbose.
[INFO] [stderr] warning: build failed, waiting for other jobs to finish...
[INFO] [stdout] error[E0599]: no method named `encode_wide` found for struct `OsString` in the current scope
[INFO] [stdout]    --> /opt/rustwide/cargo-home/registry/src/github.com-1ecc6299db9ec823/named_pipe-0.4.1/src/lib.rs:207:35
[INFO] [stdout]     |
[INFO] [stdout] 207 |         let full_name = full_name.encode_wide().collect::<Vec<u16>>();
[INFO] [stdout]     |                                   ^^^^^^^^^^^ method not found in `OsString`
[INFO] [stdout] 
[INFO] [stdout] 
[INFO] [stdout] error[E0599]: no method named `encode_wide` found for struct `OsString` in the current scope
[INFO] [stdout]    --> /opt/rustwide/cargo-home/registry/src/github.com-1ecc6299db9ec823/named_pipe-0.4.1/src/lib.rs:551:35
[INFO] [stdout]     |
[INFO] [stdout] 551 |         let full_name = full_name.encode_wide().collect::<Vec<u16>>();
[INFO] [stdout]     |                                   ^^^^^^^^^^^ method not found in `OsString`
[INFO] [stdout] 
[INFO] [stdout] 
[INFO] [stdout] error: aborting due to 90 previous errors
[INFO] [stdout] 
[INFO] [stdout] 
[INFO] [stdout] Some errors have detailed explanations: E0412, E0425, E0432, E0433, E0599.
[INFO] [stdout] 
[INFO] [stdout] For more information about an error, try `rustc --explain E0412`.
[INFO] [stdout] 
[INFO] [stderr] error: build failed
[INFO] running `Command { std: "docker" "inspect" "3aa049b4be8acc5639c1f5a2417acbba48b85b5c4c8babd156b46f664daad0d5", kill_on_drop: false }`
[INFO] running `Command { std: "docker" "rm" "-f" "3aa049b4be8acc5639c1f5a2417acbba48b85b5c4c8babd156b46f664daad0d5", kill_on_drop: false }`
[INFO] [stdout] 3aa049b4be8acc5639c1f5a2417acbba48b85b5c4c8babd156b46f664daad0d5
